.
-1
Suppose 17*s = 22*s - 25. Let m(p) = 4*p - 27. Let f(g) = 2*g - 16. Let z(y) = -7*f(y) + 4*m(y). What is z(s)?
14
Let t(f) = 7*f - 64. Let y be 0 - (47 - 50)/(2/6). What is t(y)?
-1
Let q(j) be the second derivative of -j**3/3 - 45*j**2/2 + 7*j - 50. What is q(10)?
-65
Let c(k) be the first derivative of -k**3/3 + 2*k**2 - k - 854. Let t = -12 - -7. Let h = 10 + t. Give c(h).
-6
Let v(z) = z**2 - 4*z - 1. Let x(u) = 8*u**2 - 29*u - 101. Let w(q) = -6*v(q) + x(q). Calculate w(-6).
7
Let s(t) be the first derivative of 9*t**2 - 41*t - 1764. Give s(3).
13
Let h(s) = -s**2 - 9*s + 27. Let x = 6430 - 6440. Determine h(x).
17
Suppose 2*p - 108 = -5*f, 900*p - 902*p = -4*f + 54. Let z(t) = t**3 - 19*t**2 + 17*t + 13. What is z(f)?
-5
Let y(i) = 9*i**2 - 54*i**3 + 2 + 110*i**3 + 7*i - 26*i**2 + 9*i - 55*i**3. Give y(16).
2
Suppose 12*o = -o + 107*o - 1316. Let r(y) = -5*y + 60. Calculate r(o).
-10
Let q(b) = -33 - 70653*b + 2*b**3 + 35322*b + 6*b**2 + 35323*b. What is q(-4)?
-33
Let r(g) = 2*g**2 + 3 + g + 2*g - 5. Let h be r(-3). Let k(n) = 31*n**2 - 24*n + 4. Let d(x) = -26*x**2 + 21*x - 3. Let b(o) = 6*d(o) + 5*k(o). What is b(h)?
-5
Let z(c) = -c**3 - 6*c**2 - 6*c + 2. Let y be 1554/(-12)*4/(-7). Suppose -12*j = y - 14. Determine z(j).
7
Let p(r) = 11*r + 1. Let j = 155 - 160. Let t(b) = 8*b + 1. Let s(i) = j*p(i) + 7*t(i). What is s(8)?
10
Suppose 4 = -90*n + 87*n - 4*v, 0 = 4*n - 4*v - 60. Let z(x) = 6*x**2 - 49*x - 1. Determine z(n).
-9
Let s be (((-308)/21)/(-22))/(4/48). Let i(b) = b**2 - 15*b - 5. Determine i(s).
-61
Let i(o) = 7*o - 1. Let q = 80 - 88. Let p(u) = -20*u + 3. Let a(w) = q*i(w) - 3*p(w). Suppose -4*f = -3*f + 1. Calculate a(f).
-5
Let c(b) = b - 15. Let z be c(15). Let n(y) be the third derivative of 1/60*y**5 + 0*y - 3*y**2 - 1/24*y**4 + 2/3*y**3 + 0. Calculate n(z).
4
Suppose 158*a = 109*a + 392. Let g(b) = b**2 + 3*b + 1. Calculate g(a).
89
Let c(k) = -2*k**3 + k + 1. Let b(u) = 5*u**3 + 5*u**2 - 6*u + 6. Let t(s) = -b(s) - 2*c(s). Suppose 11*y - 15*y = 24. Give t(y).
4
Let y(h) be the third derivative of 11*h**4/24 + 3*h**3/2 - 49*h**2 + 1. Give y(-3).
-24
Let i(x) = -6*x - 117. Let p(r) = -r - 36. Let m(t) = -i(t) - 2*p(t). Determine m(-24).
-3
Let v(j) = j**3 - 4*j**2 - 58*j - 1. Suppose -5*c + 15 = -5*d, -15 = -104*c + 106*c - 5*d. Give v(c).
19
Let d = 10 - 6. Let h(t) = -194*t + 3. Let m(i) = 1065*i - 19. Let g(b) = 11*h(b) + 2*m(b). Determine g(d).
-21
Let g(d) = -3*d - 1. Suppose 2*w = -23*s + 21*s + 878, 4*s + 1282 = 3*w. Let l = w - 432. What is g(l)?
-7
Suppose 5*o - 17 = -2. Let m(f) = -3*f**o + 9*f - 4*f - 1 + 2*f**3 - 7*f - 5*f**2 - f. What is m(-2)?
-7
Let g(d) = -d**3 + 5*d**2 - 3*d + 1. Let n be g(5). Let q = -11 - n. Let b(t) = -12 + 3*t - q*t - t. What is b(-7)?
-5
Suppose -53*w + 75 = 234. Let a(z) = 3*z**3 + 2*z**2 + 4*z + 3. Let v(g) = g**3 + g**2 + 1. Let l(u) = -a(u) + 4*v(u). Calculate l(w).
4
Let h(f) be the second derivative of -83*f + 0 + 0*f**2 + 1/12*f**4 + 1/6*f**3. Give h(1).
2
Suppose 0 = -u - k - 3, -5*u = -2*k + 3*k - 1. Let c be ((-15)/10 + u)*14. Let a(m) = -m**2 - 9*m - 7. What is a(c)?
7
Suppose a - 10 - 15 = 3*t, -46 = -2*a + 4*t. Let q be -1 + -2 + 6 + a + 0. Let n(d) = q*d + 0 - d**2 + 2 - 22*d. Give n(5).
-23
Let y(h) = 78*h + 37*h + 5 + h**2 - 123*h. Determine y(7).
-2
Let p be ((-60)/(-36))/((-15)/(-18)). Let d(r) be the third derivative of 0 - 1/24*r**4 + 4*r**p + 0*r + 2/3*r**3. Determine d(2).
2
Let l(k) = 3*k - 61. Let j be l(25). Let i(g) = -j - 8 + 20 + g + g. Suppose 2*f + 5 = w, -4*w = -w - 3*f - 15. Give i(w).
8
Let j(s) = s + 12. Let h be 0/(-8) + -5 + -14. Let q be (-5 - h)/((-4)/2). Calculate j(q).
5
Let g(s) = s**3 - 7*s**2 - s + 1. Suppose 0*c + l = -5*c + 65, -3*c - 5*l = -39. Suppose -18*n = -113 - c. Calculate g(n).
-6
Let n = 115 + -112. Let v(u) = -u + 4*u**2 + 6*u + 1 - n*u - u. Give v(-1).
4
Let m(k) be the second derivative of k**5/20 + k**4/3 - k**3/3 + 5*k**2/2 + 192*k. What is m(-5)?
-10
Let t(m) = -2*m**2 + 5*m - 4. Let n be 4/38 + 3 - 62/589. Determine t(n).
-7
Let v = -10361 - -10367. Let b(t) = 13*t - 83. Give b(v).
-5
Let d(s) = 6*s**3 - 2*s**2 + s - 4. Let f be d(2). Suppose 240 = 5*k + 2*c, 2*c - 6*c + 66 = k. Let z = f - k. Let l(a) = a**2 + 8*a - 1. Give l(z).
-1
Let i = 13 + -13. Suppose q - 3*g - 34 = 0, -g = -i*g + 3. Let n = q - 29. Let t(j) = 2*j + 5. Determine t(n).
-3
Let n be (-1 + 22/4)*364/(-39). Let b = n + 47. Suppose -3*c - 2*c + b*w + 10 = 0, w + 7 = -4*c. Let m(i) = -10*i - 1. Give m(c).
9
Let s be -2 - (-16 - -4)*(-6)/(-4). Suppose 0 = 4*u - s, 1 = -i - 2*u + 9. Let y(b) = -4 - 3*b + 4*b + 3*b - 3*b - b**2. What is y(i)?
-4
Let g be (9 - (2 - -8))*-3. Let x(t) = 75*t - 220. Determine x(g).
5
Let t(x) be the first derivative of -x**6/360 - x**5/20 + x**4/3 - 5*x**3 - 8. Let d(u) be the third derivative of t(u). Determine d(-7).
1
Suppose 3 = -q, -k + q = 3*k - 295. Let z = -67 + k. Suppose 3*p = p + z. Let y(o) = -o**2 + 4*o + 4. What is y(p)?
7
Let i be (-26 - -29)*(2 + (-8)/3). Let l(j) = -j**2 - 5*j - 4. Let y be l(i). Let h(p) = -4*p**2 + 0*p**2 + 3*p**2 + p. What is h(y)?
-2
Let u be 2/(-3) + 184/69. Suppose u*p = 5*v + 4 + 5, 0 = -p + 2. Let w(h) = -h + 5. What is w(v)?
6
Let o(k) = -52 - 45 - 154*k + 333*k - 176*k. Calculate o(24).
-25
Let j(n) be the first derivative of n**2/2 - 5*n + 89. Let s be 1/(-7) - ((-75)/35 - 3). What is j(s)?
0
Let o(i) be the first derivative of i**3/3 - 7*i**2 + 43*i + 249. Give o(5).
-2
Let n = -4 + 8. Suppose -n = -11*k + 9*k. Let j(w) = 2*w**2 + 3*w + 0*w**2 - 4*w - w**k. Calculate j(2).
2
Let m(w) = 4*w**3 + 20 - 18 - 12 + 6*w**2 - 4*w - 3*w**3 - w**2. Calculate m(-5).
10
Let y = 11 + -15. Let h(q) = 4*q - 7. Let s(m) = -2. Let r(i) = h(i) - 5*s(i). Calculate r(y).
-13
Let t(m) = m**3 - 3*m. Let y(q) = 4*q**3 + q**2 - q - 3. Let c(h) = -t(h) - y(h). Suppose 3 = g - 5*b - 0*b, g + 4 = -2*b. Calculate c(g).
31
Suppose i = -0*i. Let t(h) = 3*h - h + 3 + i*h + h**2. Let f(q) = q**3 - 5*q**2 - 2*q + 7. Let d be f(5). Determine t(d).
6
Let m = -2540 - -2550. Let y(s) = -3*s - 1. Calculate y(m).
-31
Let h(s) be the first derivative of s**5/20 - 7*s**4/12 - 4*s**3/3 + 3*s**2 - 90*s - 116. Let f(w) be the first derivative of h(w). Give f(8).
6
Let z(m) be the third derivative of m**6/120 - m**5/20 - m**4/6 + m**3/6 - 25*m**2. Suppose -328*i - 72 = -346*i. Calculate z(i).
1
Suppose 4*v + 179 = 219. Suppose 14 = -v*n - 36. Let d(a) = 4*a + 7. Determine d(n).
-13
Let r(p) = 2*p**2 + 3*p - 16. Let k(x) = -8*x**2 + 26*x - 13. Let f be k(3). Give r(f).
61
Let j(d) = -8*d - 17. Let w(k) = -4*k - 4. Let i(l) = 5*j(l) - 9*w(l). Calculate i(-12).
-1
Suppose -2*k + k + 3 = 0. Let b(c) = 3*c - 110 + c**3 - 42*c**2 + 106 + 39*c**2. What is b(k)?
5
Let w be -1 - (42/2)/3. Let r(t) be the first derivative of 2*t**2 - 3*t - 4639. Determine r(w).
-35
Let x(m) = -m - m + 0*m + 3*m + 26 + 17. Calculate x(-39).
4
Let m(d) = 3*d**2 + 278673*d - d**2 + 10 - 278673*d. Calculate m(3).
28
Let k(h) be the first derivative of h**3/3 - 3*h**2 + h + 59. Suppose -13 - 17 = -3*v. Let u = -4 + v. Determine k(u).
1
Let c(r) be the first derivative of r**2/2 - 3*r + 18. Let t(k) = -k**2 + 5*k - 1. Suppose -5*z + 0 + 1 = -2*x, -2*x + 3 = -z. Let f be t(x). What is c(f)?
2
Suppose 0 = -103*b + 104*b - 212. Let u be b/(-371)*21/(-2). Let o(l) = -l**3 + 5*l**2 + 6*l - 5. What is o(u)?
-5
Let j(z) be the first derivative of z**3/3 - 2*z**2 - 25*z + 370. Determine j(8).
7
Let l(t) = 3*t**2 + 4*t + 4. Let u(c) = 8*c**2 - 7*c + 7. Let f be u(1). Suppose f*j = 93 + 11. Let q = -16 + j. Give l(q).
19
Let n(j) = 2*j**3 - 2*j**2 - j - 5. Let s(k) = k**3 + 13*k**2 - 58*k + 173. Let r be s(-17). Determine n(r).
28
Suppose 4*u + 2*w = 2, -u - 3327*w = -3325*w - 8. Let m(q) = -2*q**3 + 2*q**2 + 4*q + 2. Calculate m(u).
18
Suppose 2*s + 2*s = -3*t + 33, -2*s = -5*t - 49. Let d(m) = -1. Let v(p) = -p + 7. Let b(i) = 2*d(i) - v(i). What is b(s)?
3
Suppose 3 = -24*i + 25*i. Let d(w) = -530*w**3 + 529*w**i + 4 + 7*w**2 - 6*w + 4. Give d(6).
8
Let i(b) be the second derivative of -1/3*b**3 + 4*b**2 - 22*b - 2. Calculate i(6).
-4
Suppose 5*w = 42 - 32. Let t be 5*(w + -3) - (-56)/(-28). Let z(r) = -3*r - 18. Calculate z(t).
3
Let y(g) = 1 - 3 + g